{"id":634,"date":"2022-10-21T00:25:30","date_gmt":"2022-10-21T00:25:30","guid":{"rendered":"https:\/\/fscolombia.com\/?page_id=634"},"modified":"2025-03-03T15:09:47","modified_gmt":"2025-03-03T15:09:47","slug":"hardware","status":"publish","type":"page","link":"https:\/\/fscolombia.com\/?page_id=634","title":{"rendered":"Hardware"},"content":{"rendered":"\t\t<div data-elementor-type=\"wp-page\" data-elementor-id=\"634\" class=\"elementor elementor-634\">\n\t\t\t\t\t\t<section class=\"elementor-section elementor-top-section elementor-element elementor-element-1a07fd3 elementor-section-height-min-height elementor-section-stretched elementor-section-boxed elementor-section-height-default elementor-section-items-middle\" data-id=\"1a07fd3\" data-element_type=\"section\" data-settings=\"{&quot;background_background&quot;:&quot;classic&quot;,&quot;stretch_section&quot;:&quot;section-stretched&quot;}\">\n\t\t\t\t\t\t\t<div class=\"elementor-background-overlay\"><\/div>\n\t\t\t\t\t\t\t<div class=\"elementor-container elementor-column-gap-default\">\n\t\t\t\t\t<div class=\"elementor-column elementor-col-50 elementor-top-column elementor-element elementor-element-19998ef\" data-id=\"19998ef\" data-element_type=\"column\">\n\t\t\t<div class=\"elementor-widget-wrap elementor-element-populated\">\n\t\t\t\t\t\t<div class=\"elementor-element elementor-element-65ad07a elementor-widget elementor-widget-text-editor\" data-id=\"65ad07a\" data-element_type=\"widget\" data-widget_type=\"text-editor.default\">\n\t\t\t\t<div class=\"elementor-widget-container\">\n\t\t\t\t\t\t\t\t\tHardware\t\t\t\t\t\t\t\t<\/div>\n\t\t\t\t<\/div>\n\t\t\t\t\t<\/div>\n\t\t<\/div>\n\t\t\t\t<div class=\"elementor-column elementor-col-50 elementor-top-column elementor-element elementor-element-e11940c\" data-id=\"e11940c\" data-element_type=\"column\">\n\t\t\t<div class=\"elementor-widget-wrap\">\n\t\t\t\t\t\t\t<\/div>\n\t\t<\/div>\n\t\t\t\t\t<\/div>\n\t\t<\/section>\n\t\t\t\t<section class=\"elementor-section elementor-top-section elementor-element elementor-element-bc93a5e elementor-section-boxed elementor-section-height-default elementor-section-height-default\" data-id=\"bc93a5e\" data-element_type=\"section\">\n\t\t\t\t\t\t<div class=\"elementor-container elementor-column-gap-default\">\n\t\t\t\t\t<div class=\"elementor-column elementor-col-50 elementor-top-column elementor-element elementor-element-0f5b722\" data-id=\"0f5b722\" data-element_type=\"column\">\n\t\t\t<div class=\"elementor-widget-wrap elementor-element-populated\">\n\t\t\t\t\t\t<div class=\"elementor-element elementor-element-7d55400 elementor-invisible elementor-widget elementor-widget-text-editor\" data-id=\"7d55400\" data-element_type=\"widget\" data-settings=\"{&quot;_animation&quot;:&quot;fadeInRight&quot;}\" data-widget_type=\"text-editor.default\">\n\t\t\t\t<div class=\"elementor-widget-container\">\n\t\t\t\t\t\t\t\t\tProveemos la m\u00e1s amplia gama de soluciones de hardware para dar soporte a cualquier requerimiento tecnol\u00f3gico.\nPerif\u00e9ricos convencionales, PCs, laptops y servidores, incluyendo adem\u00e1s soluciones\npara CCTV, Control de Acceso y Redes y Comunicaciones.\t\t\t\t\t\t\t\t<\/div>\n\t\t\t\t<\/div>\n\t\t\t\t\t<\/div>\n\t\t<\/div>\n\t\t\t\t<div class=\"elementor-column elementor-col-50 elementor-top-column elementor-element elementor-element-c080cfa\" data-id=\"c080cfa\" data-element_type=\"column\">\n\t\t\t<div class=\"elementor-widget-wrap elementor-element-populated\">\n\t\t\t\t\t\t<div class=\"elementor-element elementor-element-13c4eb4 elementor-widget elementor-widget-image\" data-id=\"13c4eb4\" data-element_type=\"widget\" data-widget_type=\"image.default\">\n\t\t\t\t<div class=\"elementor-widget-container\">\n\t\t\t\t\t\t\t\t\t\t\t\t\t\t\t<img fetchpriority=\"high\" decoding=\"async\" width=\"1024\" height=\"1024\" src=\"https:\/\/fscolombia.com\/wp-content\/uploads\/2022\/10\/torres-1024x1024.jpeg\" class=\"attachment-large size-large wp-image-263\" alt=\"FS Computer de Colombia\" srcset=\"https:\/\/fscolombia.com\/wp-content\/uploads\/2022\/10\/torres-1024x1024.jpeg 1024w, https:\/\/fscolombia.com\/wp-content\/uploads\/2022\/10\/torres-300x300.jpeg 300w, https:\/\/fscolombia.com\/wp-content\/uploads\/2022\/10\/torres-150x150.jpeg 150w, https:\/\/fscolombia.com\/wp-content\/uploads\/2022\/10\/torres-768x768.jpeg 768w, https:\/\/fscolombia.com\/wp-content\/uploads\/2022\/10\/torres-980x980.jpeg 980w, https:\/\/fscolombia.com\/wp-content\/uploads\/2022\/10\/torres-480x480.jpeg 480w, https:\/\/fscolombia.com\/wp-content\/uploads\/2022\/10\/torres.jpeg 1080w\" sizes=\"(max-width: 1024px) 100vw, 1024px\" \/>\t\t\t\t\t\t\t\t\t\t\t\t\t\t\t<\/div>\n\t\t\t\t<\/div>\n\t\t\t\t\t<\/div>\n\t\t<\/div>\n\t\t\t\t\t<\/div>\n\t\t<\/section>\n\t\t\t\t<section class=\"elementor-section elementor-top-section elementor-element elementor-element-9902c0a elementor-section-height-min-height elementor-section-stretched elementor-section-boxed elementor-section-height-default elementor-section-items-middle\" data-id=\"9902c0a\" data-element_type=\"section\" data-settings=\"{&quot;background_background&quot;:&quot;classic&quot;,&quot;stretch_section&quot;:&quot;section-stretched&quot;}\">\n\t\t\t\t\t\t\t<div class=\"elementor-background-overlay\"><\/div>\n\t\t\t\t\t\t\t<div class=\"elementor-container elementor-column-gap-default\">\n\t\t\t\t\t<div class=\"elementor-column elementor-col-100 elementor-top-column elementor-element elementor-element-954de6e\" data-id=\"954de6e\" data-element_type=\"column\">\n\t\t\t<div class=\"elementor-widget-wrap elementor-element-populated\">\n\t\t\t\t\t\t<div class=\"elementor-element elementor-element-42144a9 elementor-view-default elementor-widget elementor-widget-icon\" data-id=\"42144a9\" data-element_type=\"widget\" data-widget_type=\"icon.default\">\n\t\t\t\t<div class=\"elementor-widget-container\">\n\t\t\t\t\t\t\t<div class=\"elementor-icon-wrapper\">\n\t\t\t<div class=\"elementor-icon\">\n\t\t\t<i aria-hidden=\"true\" class=\"far fa-comments\"><\/i>\t\t\t<\/div>\n\t\t<\/div>\n\t\t\t\t\t\t<\/div>\n\t\t\t\t<\/div>\n\t\t\t\t<div class=\"elementor-element elementor-element-0e7a7bb elementor-widget elementor-widget-text-editor\" data-id=\"0e7a7bb\" data-element_type=\"widget\" data-widget_type=\"text-editor.default\">\n\t\t\t\t<div class=\"elementor-widget-container\">\n\t\t\t\t\t\t\t\t\t<span style=\"font-weight: 400;\">Tu empresa <\/span><b>merece la mejor infraestructura tecnol\u00f3gica<\/b>\t\t\t\t\t\t\t\t<\/div>\n\t\t\t\t<\/div>\n\t\t\t\t<div class=\"elementor-element elementor-element-6174885 elementor-widget elementor-widget-text-editor\" data-id=\"6174885\" data-element_type=\"widget\" data-widget_type=\"text-editor.default\">\n\t\t\t\t<div class=\"elementor-widget-container\">\n\t\t\t\t\t\t\t\t\t<span style=\"font-weight: 400;\">Contacta un asesor tecnol\u00f3gico<\/span>\t\t\t\t\t\t\t\t<\/div>\n\t\t\t\t<\/div>\n\t\t\t\t<div class=\"elementor-element elementor-element-a470eb9 elementor-widget elementor-widget-spacer\" data-id=\"a470eb9\" data-element_type=\"widget\" data-widget_type=\"spacer.default\">\n\t\t\t\t<div class=\"elementor-widget-container\">\n\t\t\t\t\t\t\t<div class=\"elementor-spacer\">\n\t\t\t<div class=\"elementor-spacer-inner\"><\/div>\n\t\t<\/div>\n\t\t\t\t\t\t<\/div>\n\t\t\t\t<\/div>\n\t\t\t\t<div class=\"elementor-element elementor-element-65cc754 elementor-align-center elementor-widget elementor-widget-button\" data-id=\"65cc754\" data-element_type=\"widget\" data-widget_type=\"button.default\">\n\t\t\t\t<div class=\"elementor-widget-container\">\n\t\t\t\t\t\t\t\t\t<div class=\"elementor-button-wrapper\">\n\t\t\t\t\t<a class=\"elementor-button elementor-button-link elementor-size-xs\" href=\"https:\/\/wa.me\/573214842558\">\n\t\t\t\t\t\t<span class=\"elementor-button-content-wrapper\">\n\t\t\t\t\t\t<span class=\"elementor-button-icon\">\n\t\t\t\t<i aria-hidden=\"true\" class=\"fab fa-whatsapp\"><\/i>\t\t\t<\/span>\n\t\t\t\t\t\t\t\t\t<span class=\"elementor-button-text\">CONT\u00c1CTANOS<\/span>\n\t\t\t\t\t<\/span>\n\t\t\t\t\t<\/a>\n\t\t\t\t<\/div>\n\t\t\t\t\t\t\t\t<\/div>\n\t\t\t\t<\/div>\n\t\t\t\t<div class=\"elementor-element elementor-element-727bef6 elementor-widget elementor-widget-spacer\" data-id=\"727bef6\" data-element_type=\"widget\" data-widget_type=\"spacer.default\">\n\t\t\t\t<div class=\"elementor-widget-container\">\n\t\t\t\t\t\t\t<div class=\"elementor-spacer\">\n\t\t\t<div class=\"elementor-spacer-inner\"><\/div>\n\t\t<\/div>\n\t\t\t\t\t\t<\/div>\n\t\t\t\t<\/div>\n\t\t\t\t<section class=\"elementor-section elementor-inner-section elementor-element elementor-element-90a6f10 elementor-section-boxed elementor-section-height-default elementor-section-height-default\" data-id=\"90a6f10\" data-element_type=\"section\">\n\t\t\t\t\t\t<div class=\"elementor-container elementor-column-gap-default\">\n\t\t\t\t\t<div class=\"elementor-column elementor-col-33 elementor-inner-column elementor-element elementor-element-c9bd885\" data-id=\"c9bd885\" data-element_type=\"column\">\n\t\t\t<div class=\"elementor-widget-wrap elementor-element-populated\">\n\t\t\t\t\t\t<div class=\"elementor-element elementor-element-067b5ab elementor-view-default elementor-position-top elementor-mobile-position-top elementor-widget elementor-widget-icon-box\" data-id=\"067b5ab\" data-element_type=\"widget\" data-widget_type=\"icon-box.default\">\n\t\t\t\t<div class=\"elementor-widget-container\">\n\t\t\t\t\t\t\t<div class=\"elementor-icon-box-wrapper\">\n\n\t\t\t\t\t\t<div class=\"elementor-icon-box-icon\">\n\t\t\t\t<span  class=\"elementor-icon\">\n\t\t\t\t<i aria-hidden=\"true\" class=\"far fa-folder\"><\/i>\t\t\t\t<\/span>\n\t\t\t<\/div>\n\t\t\t\n\t\t\t\t\t\t<div class=\"elementor-icon-box-content\">\n\n\t\t\t\t\t\t\t\t\t<h3 class=\"elementor-icon-box-title\">\n\t\t\t\t\t\t<span  >\n\t\t\t\t\t\t\te-mail\t\t\t\t\t\t<\/span>\n\t\t\t\t\t<\/h3>\n\t\t\t\t\n\t\t\t\t\t\t\t\t\t<p class=\"elementor-icon-box-description\">\n\t\t\t\t\t\tcomercial@fscolombia.com\t\t\t\t\t<\/p>\n\t\t\t\t\n\t\t\t<\/div>\n\t\t\t\n\t\t<\/div>\n\t\t\t\t\t\t<\/div>\n\t\t\t\t<\/div>\n\t\t\t\t\t<\/div>\n\t\t<\/div>\n\t\t\t\t<div class=\"elementor-column elementor-col-33 elementor-inner-column elementor-element elementor-element-aff2f4c\" data-id=\"aff2f4c\" data-element_type=\"column\">\n\t\t\t<div class=\"elementor-widget-wrap elementor-element-populated\">\n\t\t\t\t\t\t<div class=\"elementor-element elementor-element-d1d30ef elementor-view-default elementor-position-top elementor-mobile-position-top elementor-widget elementor-widget-icon-box\" data-id=\"d1d30ef\" data-element_type=\"widget\" data-widget_type=\"icon-box.default\">\n\t\t\t\t<div class=\"elementor-widget-container\">\n\t\t\t\t\t\t\t<div class=\"elementor-icon-box-wrapper\">\n\n\t\t\t\t\t\t<div class=\"elementor-icon-box-icon\">\n\t\t\t\t<span  class=\"elementor-icon\">\n\t\t\t\t<i aria-hidden=\"true\" class=\"far fa-paper-plane\"><\/i>\t\t\t\t<\/span>\n\t\t\t<\/div>\n\t\t\t\n\t\t\t\t\t\t<div class=\"elementor-icon-box-content\">\n\n\t\t\t\t\t\t\t\t\t<h3 class=\"elementor-icon-box-title\">\n\t\t\t\t\t\t<span  >\n\t\t\t\t\t\t\tUbicaci\u00f3n\t\t\t\t\t\t<\/span>\n\t\t\t\t\t<\/h3>\n\t\t\t\t\n\t\t\t\t\t\t\t\t\t<p class=\"elementor-icon-box-description\">\n\t\t\t\t\t\tCarrera 16A # 79-95 oficina 704 Bogot\u00e1, Colombia\t\t\t\t\t<\/p>\n\t\t\t\t\n\t\t\t<\/div>\n\t\t\t\n\t\t<\/div>\n\t\t\t\t\t\t<\/div>\n\t\t\t\t<\/div>\n\t\t\t\t\t<\/div>\n\t\t<\/div>\n\t\t\t\t<div class=\"elementor-column elementor-col-33 elementor-inner-column elementor-element elementor-element-47b3947\" data-id=\"47b3947\" data-element_type=\"column\">\n\t\t\t<div class=\"elementor-widget-wrap elementor-element-populated\">\n\t\t\t\t\t\t<div class=\"elementor-element elementor-element-c1ce6ea elementor-view-default elementor-position-top elementor-mobile-position-top elementor-widget elementor-widget-icon-box\" data-id=\"c1ce6ea\" data-element_type=\"widget\" data-widget_type=\"icon-box.default\">\n\t\t\t\t<div class=\"elementor-widget-container\">\n\t\t\t\t\t\t\t<div class=\"elementor-icon-box-wrapper\">\n\n\t\t\t\t\t\t<div class=\"elementor-icon-box-icon\">\n\t\t\t\t<span  class=\"elementor-icon\">\n\t\t\t\t<i aria-hidden=\"true\" class=\"fas fa-phone-alt\"><\/i>\t\t\t\t<\/span>\n\t\t\t<\/div>\n\t\t\t\n\t\t\t\t\t\t<div class=\"elementor-icon-box-content\">\n\n\t\t\t\t\t\t\t\t\t<h3 class=\"elementor-icon-box-title\">\n\t\t\t\t\t\t<span  >\n\t\t\t\t\t\t\tContacto\t\t\t\t\t\t<\/span>\n\t\t\t\t\t<\/h3>\n\t\t\t\t\n\t\t\t\t\t\t\t\t\t<p class=\"elementor-icon-box-description\">\n\t\t\t\t\t\t+ (57) (601) 9156637\t\t\t\t\t<\/p>\n\t\t\t\t\n\t\t\t<\/div>\n\t\t\t\n\t\t<\/div>\n\t\t\t\t\t\t<\/div>\n\t\t\t\t<\/div>\n\t\t\t\t\t<\/div>\n\t\t<\/div>\n\t\t\t\t\t<\/div>\n\t\t<\/section>\n\t\t\t\t\t<\/div>\n\t\t<\/div>\n\t\t\t\t\t<\/div>\n\t\t<\/section>\n\t\t\t\t<\/div>\n\t\t","protected":false},"excerpt":{"rendered":"<p>HardwareProveemos la m\u00e1s amplia gama de soluciones de hardware para dar soporte a cualquier requerimiento tecnol\u00f3gico. Perif\u00e9ricos convencionales, PCs, laptops y servidores, incluyendo adem\u00e1s soluciones para CCTV, Control de Acceso y Redes y Comunicaciones. Tu empresa merece la mejor infraestructura tecnol\u00f3gicaContacta un asesor tecnol\u00f3gico CONT\u00c1CTANOS e-mail comercial@fscolombia.com Ubicaci\u00f3n Carrera 16A # 79-95 oficina 704 Bogot\u00e1, [&hellip;]<\/p>\n","protected":false},"author":1,"featured_media":489,"parent":0,"menu_order":0,"comment_status":"closed","ping_status":"closed","template":"elementor_header_footer","meta":{"zakra_sidebar_layout":"customizer","zakra_remove_content_margin":false,"zakra_sidebar":"customizer","zakra_transparent_header":"customizer","zakra_logo":0,"zakra_main_header_style":"default","zakra_menu_item_color":"","zakra_menu_item_hover_color":"","zakra_menu_item_active_color":"","zakra_menu_active_style":"","zakra_page_header":false,"footnotes":""},"class_list":["post-634","page","type-page","status-publish","has-post-thumbnail","hentry"],"yoast_head":"<!-- This site is optimized with the Yoast SEO plugin v26.1.1 - https:\/\/yoast.com\/wordpress\/plugins\/seo\/ -->\n<title>Hardware - FS Computer de Colombia<\/title>\n<meta name=\"description\" content=\"Proveemos la m\u00e1s amplia gama de soluciones de hardware para dar soporte a cualquier requerimiento tecnol\u00f3gico.\" \/>\n<meta name=\"robots\" content=\"index, follow, max-snippet:-1, max-image-preview:large, max-video-preview:-1\" \/>\n<link rel=\"canonical\" href=\"https:\/\/fscolombia.com\/?page_id=634\" \/>\n<meta property=\"og:locale\" content=\"es_ES\" \/>\n<meta property=\"og:type\" content=\"article\" \/>\n<meta property=\"og:title\" content=\"Hardware - FS Computer de Colombia\" \/>\n<meta property=\"og:description\" content=\"Proveemos la m\u00e1s amplia gama de soluciones de hardware para dar soporte a cualquier requerimiento tecnol\u00f3gico.\" \/>\n<meta property=\"og:url\" content=\"https:\/\/fscolombia.com\/?page_id=634\" \/>\n<meta property=\"og:site_name\" content=\"FS Computer de Colombia\" \/>\n<meta property=\"article:modified_time\" content=\"2025-03-03T15:09:47+00:00\" \/>\n<meta property=\"og:image\" content=\"https:\/\/fscolombia.com\/wp-content\/uploads\/2022\/10\/ousorsing-scaled.jpg\" \/>\n\t<meta property=\"og:image:width\" content=\"2560\" \/>\n\t<meta property=\"og:image:height\" content=\"1440\" \/>\n\t<meta property=\"og:image:type\" content=\"image\/jpeg\" \/>\n<meta name=\"twitter:card\" content=\"summary_large_image\" \/>\n<meta name=\"twitter:label1\" content=\"Tiempo de lectura\" \/>\n\t<meta name=\"twitter:data1\" content=\"1 minuto\" \/>\n<script type=\"application\/ld+json\" class=\"yoast-schema-graph\">{\"@context\":\"https:\/\/schema.org\",\"@graph\":[{\"@type\":\"WebPage\",\"@id\":\"https:\/\/fscolombia.com\/?page_id=634\",\"url\":\"https:\/\/fscolombia.com\/?page_id=634\",\"name\":\"Hardware - FS Computer de Colombia\",\"isPartOf\":{\"@id\":\"https:\/\/fscolombia.com\/#website\"},\"primaryImageOfPage\":{\"@id\":\"https:\/\/fscolombia.com\/?page_id=634#primaryimage\"},\"image\":{\"@id\":\"https:\/\/fscolombia.com\/?page_id=634#primaryimage\"},\"thumbnailUrl\":\"https:\/\/fscolombia.com\/wp-content\/uploads\/2022\/10\/ousorsing-scaled.jpg\",\"datePublished\":\"2022-10-21T00:25:30+00:00\",\"dateModified\":\"2025-03-03T15:09:47+00:00\",\"description\":\"Proveemos la m\u00e1s amplia gama de soluciones de hardware para dar soporte a cualquier requerimiento tecnol\u00f3gico.\",\"breadcrumb\":{\"@id\":\"https:\/\/fscolombia.com\/?page_id=634#breadcrumb\"},\"inLanguage\":\"es\",\"potentialAction\":[{\"@type\":\"ReadAction\",\"target\":[\"https:\/\/fscolombia.com\/?page_id=634\"]}]},{\"@type\":\"ImageObject\",\"inLanguage\":\"es\",\"@id\":\"https:\/\/fscolombia.com\/?page_id=634#primaryimage\",\"url\":\"https:\/\/fscolombia.com\/wp-content\/uploads\/2022\/10\/ousorsing-scaled.jpg\",\"contentUrl\":\"https:\/\/fscolombia.com\/wp-content\/uploads\/2022\/10\/ousorsing-scaled.jpg\",\"width\":2560,\"height\":1440,\"caption\":\"Somos el aliado comercial en Gerencia de IT especializado en el suministro de soluciones precisas, innovadoras y vanguardistas.\"},{\"@type\":\"BreadcrumbList\",\"@id\":\"https:\/\/fscolombia.com\/?page_id=634#breadcrumb\",\"itemListElement\":[{\"@type\":\"ListItem\",\"position\":1,\"name\":\"Portada\",\"item\":\"https:\/\/fscolombia.com\/\"},{\"@type\":\"ListItem\",\"position\":2,\"name\":\"Hardware\"}]},{\"@type\":\"WebSite\",\"@id\":\"https:\/\/fscolombia.com\/#website\",\"url\":\"https:\/\/fscolombia.com\/\",\"name\":\"FS Computer de Colombia\",\"description\":\"Soluciones tecnol&oacute;gicas a la medida de tu empresa.\",\"publisher\":{\"@id\":\"https:\/\/fscolombia.com\/#organization\"},\"potentialAction\":[{\"@type\":\"SearchAction\",\"target\":{\"@type\":\"EntryPoint\",\"urlTemplate\":\"https:\/\/fscolombia.com\/?s={search_term_string}\"},\"query-input\":{\"@type\":\"PropertyValueSpecification\",\"valueRequired\":true,\"valueName\":\"search_term_string\"}}],\"inLanguage\":\"es\"},{\"@type\":\"Organization\",\"@id\":\"https:\/\/fscolombia.com\/#organization\",\"name\":\"FS Computer de Colombia\",\"url\":\"https:\/\/fscolombia.com\/\",\"logo\":{\"@type\":\"ImageObject\",\"inLanguage\":\"es\",\"@id\":\"https:\/\/fscolombia.com\/#\/schema\/logo\/image\/\",\"url\":\"https:\/\/fscolombia.com\/wp-content\/uploads\/2024\/07\/logo-final_1-300-83.png\",\"contentUrl\":\"https:\/\/fscolombia.com\/wp-content\/uploads\/2024\/07\/logo-final_1-300-83.png\",\"width\":300,\"height\":83,\"caption\":\"FS Computer de Colombia\"},\"image\":{\"@id\":\"https:\/\/fscolombia.com\/#\/schema\/logo\/image\/\"}}]}<\/script>\n<!-- \/ Yoast SEO plugin. -->","yoast_head_json":{"title":"Hardware - FS Computer de Colombia","description":"Proveemos la m\u00e1s amplia gama de soluciones de hardware para dar soporte a cualquier requerimiento tecnol\u00f3gico.","robots":{"index":"index","follow":"follow","max-snippet":"max-snippet:-1","max-image-preview":"max-image-preview:large","max-video-preview":"max-video-preview:-1"},"canonical":"https:\/\/fscolombia.com\/?page_id=634","og_locale":"es_ES","og_type":"article","og_title":"Hardware - FS Computer de Colombia","og_description":"Proveemos la m\u00e1s amplia gama de soluciones de hardware para dar soporte a cualquier requerimiento tecnol\u00f3gico.","og_url":"https:\/\/fscolombia.com\/?page_id=634","og_site_name":"FS Computer de Colombia","article_modified_time":"2025-03-03T15:09:47+00:00","og_image":[{"width":2560,"height":1440,"url":"https:\/\/fscolombia.com\/wp-content\/uploads\/2022\/10\/ousorsing-scaled.jpg","type":"image\/jpeg"}],"twitter_card":"summary_large_image","twitter_misc":{"Tiempo de lectura":"1 minuto"},"schema":{"@context":"https:\/\/schema.org","@graph":[{"@type":"WebPage","@id":"https:\/\/fscolombia.com\/?page_id=634","url":"https:\/\/fscolombia.com\/?page_id=634","name":"Hardware - FS Computer de Colombia","isPartOf":{"@id":"https:\/\/fscolombia.com\/#website"},"primaryImageOfPage":{"@id":"https:\/\/fscolombia.com\/?page_id=634#primaryimage"},"image":{"@id":"https:\/\/fscolombia.com\/?page_id=634#primaryimage"},"thumbnailUrl":"https:\/\/fscolombia.com\/wp-content\/uploads\/2022\/10\/ousorsing-scaled.jpg","datePublished":"2022-10-21T00:25:30+00:00","dateModified":"2025-03-03T15:09:47+00:00","description":"Proveemos la m\u00e1s amplia gama de soluciones de hardware para dar soporte a cualquier requerimiento tecnol\u00f3gico.","breadcrumb":{"@id":"https:\/\/fscolombia.com\/?page_id=634#breadcrumb"},"inLanguage":"es","potentialAction":[{"@type":"ReadAction","target":["https:\/\/fscolombia.com\/?page_id=634"]}]},{"@type":"ImageObject","inLanguage":"es","@id":"https:\/\/fscolombia.com\/?page_id=634#primaryimage","url":"https:\/\/fscolombia.com\/wp-content\/uploads\/2022\/10\/ousorsing-scaled.jpg","contentUrl":"https:\/\/fscolombia.com\/wp-content\/uploads\/2022\/10\/ousorsing-scaled.jpg","width":2560,"height":1440,"caption":"Somos el aliado comercial en Gerencia de IT especializado en el suministro de soluciones precisas, innovadoras y vanguardistas."},{"@type":"BreadcrumbList","@id":"https:\/\/fscolombia.com\/?page_id=634#breadcrumb","itemListElement":[{"@type":"ListItem","position":1,"name":"Portada","item":"https:\/\/fscolombia.com\/"},{"@type":"ListItem","position":2,"name":"Hardware"}]},{"@type":"WebSite","@id":"https:\/\/fscolombia.com\/#website","url":"https:\/\/fscolombia.com\/","name":"FS Computer de Colombia","description":"Soluciones tecnol&oacute;gicas a la medida de tu empresa.","publisher":{"@id":"https:\/\/fscolombia.com\/#organization"},"potentialAction":[{"@type":"SearchAction","target":{"@type":"EntryPoint","urlTemplate":"https:\/\/fscolombia.com\/?s={search_term_string}"},"query-input":{"@type":"PropertyValueSpecification","valueRequired":true,"valueName":"search_term_string"}}],"inLanguage":"es"},{"@type":"Organization","@id":"https:\/\/fscolombia.com\/#organization","name":"FS Computer de Colombia","url":"https:\/\/fscolombia.com\/","logo":{"@type":"ImageObject","inLanguage":"es","@id":"https:\/\/fscolombia.com\/#\/schema\/logo\/image\/","url":"https:\/\/fscolombia.com\/wp-content\/uploads\/2024\/07\/logo-final_1-300-83.png","contentUrl":"https:\/\/fscolombia.com\/wp-content\/uploads\/2024\/07\/logo-final_1-300-83.png","width":300,"height":83,"caption":"FS Computer de Colombia"},"image":{"@id":"https:\/\/fscolombia.com\/#\/schema\/logo\/image\/"}}]}},"_links":{"self":[{"href":"https:\/\/fscolombia.com\/index.php?rest_route=\/wp\/v2\/pages\/634","targetHints":{"allow":["GET"]}}],"collection":[{"href":"https:\/\/fscolombia.com\/index.php?rest_route=\/wp\/v2\/pages"}],"about":[{"href":"https:\/\/fscolombia.com\/index.php?rest_route=\/wp\/v2\/types\/page"}],"author":[{"embeddable":true,"href":"https:\/\/fscolombia.com\/index.php?rest_route=\/wp\/v2\/users\/1"}],"replies":[{"embeddable":true,"href":"https:\/\/fscolombia.com\/index.php?rest_route=%2Fwp%2Fv2%2Fcomments&post=634"}],"version-history":[{"count":11,"href":"https:\/\/fscolombia.com\/index.php?rest_route=\/wp\/v2\/pages\/634\/revisions"}],"predecessor-version":[{"id":745,"href":"https:\/\/fscolombia.com\/index.php?rest_route=\/wp\/v2\/pages\/634\/revisions\/745"}],"wp:featuredmedia":[{"embeddable":true,"href":"https:\/\/fscolombia.com\/index.php?rest_route=\/wp\/v2\/media\/489"}],"wp:attachment":[{"href":"https:\/\/fscolombia.com\/index.php?rest_route=%2Fwp%2Fv2%2Fmedia&parent=634"}],"curies":[{"name":"wp","href":"https:\/\/api.w.org\/{rel}","templated":true}]}}